Let d(q) = -4*q**2 + 11*q + 3. Let z(o) = 4*d(o) - 5*h(o). Calculate the remainder when z(x) is divided by 1.
0
Let o(d) = -d**3 + 7*d**2 + 6*d - 3. Let t be o(8). Let i = t - -31. What is the remainder when i is divided by 7?
5
Let a = 357 - 245. Calculate the remainder when a is divided by 38.
36
Let j = 152 + -132. Calculate the remainder when j is divided by 11.
9
Let z = 1 + 5. Let g = 11 - z. Suppose 47 = g*q - 13. Calculate the remainder when 21 is divided by q.
9
Let j = -1 - 4. Let n = j + 8. Let d = n - -7. Calculate the remainder when 18 is divided by d.
8
Suppose 0 = 5*z - 4*b - 173, 0*z + 4*z - 134 = b. Calculate the remainder when z is divided by 10.
3
Let m(j) = -j**3 - 3*j**2 - 2*j - 4. Let b be m(-3). Suppose b*l = -l + 42. Suppose -l = -0*v - v. What is the remainder when 27 is divided by v?
13
Suppose -8*w = i - 3*w + 10, -3*i - 3*w = -6. Let j = i + -2. Suppose 4*m = j*m + 35. Calculate the remainder when m is divided by 12.
11
Suppose 10 = 2*a - v + 5*v, -2*v = -6. Let z(f) = -f**2 - 2*f - 1. Let n be z(a). Suppose n = -u + 6 + 4. Calculate the remainder when u is divided by 6.
4
Let v = -12 + 17. Suppose v*c = 2*m - 12, -2*m = -0*c - 4*c - 12. What is the remainder when 15 is divided by m?
3
Let w(k) = -k**2 + 13*k + 8. Let n be w(6). Let m = -31 + n. Calculate the remainder when m is divided by 10.
9
Let n be (2/6 + 0)*33. Suppose -3*g = -4*o, -6*o = -g - o - n. Let q(c) = 2*c**2 - 5*c - 4. Calculate the remainder when 21 is divided by q(g).
5
Let w(y) = 3*y - 14. What is the remainder when w(7) is divided by 4?
3
Suppose -2*g + 36 = 8. What is the remainder when 38 is divided by g?
10
Suppose -4*h - 12 = -0*h, -71 = -4*c - 3*h. Calculate the remainder when 58 is divided by c.
18
Calculate the remainder when 10 - (1 - -6 - 4) is divided by 5.
2
Suppose 10*w - 80 = 5*w - 4*r, -5*w + r = -55. What is the remainder when 20 is divided by w?
8
Let c(m) = 14*m**2 + 4*m + 3. What is the remainder when c(-2) is divided by 13?
12
Let k(f) = -2*f - 6. Let y be k(-4). Suppose -d - y*d = -6, -2*d + 20 = 2*h. Calculate the remainder when 15 is divided by h.
7
Suppose 4*m - 2*g - 62 = 0, 2*g + 2 = -4*m + 44. Suppose -5*f = -46 - 44. Let n = -13 + f. What is the remainder when m is divided by n?
3
Let i = 374 - 253. What is the remainder when i is divided by 31?
28
Let y = 13 + 18. Calculate the remainder when y is divided by 11.
9
Let s be (-2 - (0 + 0))*-2. Let i = 13 - 11. Calculate the remainder when 2*(i*s - 0) is divided by 6.
4
Suppose -3*r + 5*f - 40 + 120 = 0, 4*f = -4*r + 96. Calculate the remainder when r is divided by ((-18)/4)/((-2)/4).
7
Let q(f) = -f**3 + 5*f**2 + 7*f + 4. Let z be q(6). Calculate the remainder when 0 + z + 1 + 1 is divided by 5.
2
Suppose -12 = -5*o - z, -o = -5*z - 0 + 8. Suppose -n + o = -0. Calculate the remainder when n is divided by 1.
0
Let r be (-20)/(-15) - 4/(-6). Calculate the remainder when r + (-42)/(-1) + 0 is divided by 15.
14
Let c = 4 + 3. Suppose 2*u = 66 - 12. Calculate the remainder when u is divided by c.
6
Let b(o) = o**2 + 2*o + 3. Let h be b(-3). Suppose y = h + 3. What is the remainder when 25 is divided by y?
7
Let h(j) = 3*j - 9. Let w(z) = -z**3 - 6*z**2 + 7*z + 5. Suppose -5*s - 14 = 4*v + 34, s + 32 = -4*v. What is the remainder when h(6) is divided by w(v)?
4
Let z(q) = 2*q**2 - 5*q + 1. Let r be z(6). Suppose 2*l - r = -5*w, -15 = -2*w - 3*w. Let f = 8 + -3. What is the remainder when l is divided by f?
4
Suppose 0*u + 3*u = 5*y - 126, y - 12 = 5*u. What is the remainder when 107 is divided by y?
26
Suppose 47 = f + 4*m, -2*f - 183 = -5*f + 2*m. Calculate the remainder when f is divided by 31.
28
Let d(g) = -g + 3. Let k be d(0). Let f(i) = 13*i**2 + 2 - k + 2. What is the remainder when 27 is divided by f(-1)?
13
Let f(m) = 2*m**2 + 19*m + 17. Calculate the remainder when 134 is divided by f(-10).
26
Suppose 35 - 100 = -4*y - 3*f, -3*f = 3*y - 48. Calculate the remainder when y is divided by 5.
2
Let b(s) = -29*s. Calculate the remainder when 113 is divided by b(-1).
26
Suppose -4*u + 78 = 2*u. Let h(o) = -o**3 + 13*o**2 + o - 4. Calculate the remainder when 16 is divided by h(u).
7
Suppose 0 = -3*y + 2*w + 36, w - 6*w - 55 = -4*y. What is the remainder when 29 is divided by y?
9
Suppose -34 = -o - 5*c, -2*o + 4*c - 38 = -4*o. Let s = o + 5. Suppose -2*v + 7*v = 5*h + 150, -h - 82 = -3*v. Calculate the remainder when v is divided by s.
12
Let u(h) = h + 1 + 0 + 4. Let o(s) = -s**3 - 2*s**2 - s - 3. Calculate the remainder when o(-3) is divided by u(0).
4
Let r(h) = -h**2 - 7*h. Calculate the remainder when (-2)/7 + (-121)/(-7) is divided by r(-6).
5
Let x(g) = -g**3 - 5*g**2 - 2*g - 4. Let t = -15 - -102. Suppose 2*b - 5*j = 3*b, 4*j + t = 5*b. What is the remainder when x(-6) is divided by b?
14
Let f = -14 - -16. Suppose -5*n - f*t = -105, 0*n + 4*t - 21 = -n. What is the remainder when 82 is divided by n?
19
Suppose 0 = 5*t - 31 - 4. What is the remainder when t is divided by 3?
1
What is the remainder when 10 is divided by (-4)/(-4) + (-6)/(-2)?
2
Let r(i) = 7*i**3 + 3*i**2 - 1. Let y be r(-2). Let n = -25 - y. What is the remainder when 37 is divided by n?
17
Suppose 17 - 5 = p. Let b = 88 + -53. What is the remainder when b is divided by p?
11
Let f(k) = -k**3 + 13*k**2 - 13*k + 16. Let y be f(12). Suppose -3*j = -y*j + 25. Calculate the remainder when j is divided by 9.
7
Suppose -44 = -2*l + 2*m, 0 + 52 = 3*l + 4*m. Calculate the remainder when (l/6 + -2)*51 is divided by 23.
22
Let z = -4 + 7. What is the remainder when 5 is divided by z?
2
Let a = -6 + 4. Let j = a - -3. Calculate the remainder when 33 is divided by j - (1 - 0)*-8.
6
Let t = 11 - 7. Suppose 0 = m + 3*m - 24. Calculate the remainder when m is divided by t.
2
Calculate the remainder when (-6)/(3*(-4)/54) is divided by 4*(-35)/56*-4.
7
Suppose -380 = -5*s + s. Calculate the remainder when s is divided by 32.
31
Let x = 214 + -153. Let a = x - 28. Calculate the remainder when a is divided by 9.
6
Suppose -u = 3*k + 12, 0 = -3*u + k - 4*k - 12. Suppose -5*a = -u*a - 110. What is the remainder when a is divided by 13?
9
Let n be 4 + -7 - 3*-1. Suppose n*p = -5*p + 55. Let b = 9 + 22. Calculate the remainder when b is divided by p.
9
Suppose -4*y - 3 = -7, y - 100 = -3*a. Calculate the remainder when a is divided by 18.
15
What is the remainder when 7 is divided by (4/10)/((-3)/(-30))?
3
Let t(r) = 3*r - 4. Let v be t(3). Suppose -3*c - v*g + 79 = 0, -5*c + 2*g + 108 = 28. Calculate the remainder when c is divided by 10.
8
Suppose -2*r - 23 = -t + r, 24 = 4*t + 5*r. Let n = 2 + 4. What is the remainder when t is divided by n?
5
Let t(b) = -b**3 - 7*b**2 + 7*b - 6. Let o be t(-8). What is the remainder when (o*-3)/(3/(-10)) is divided by 7?
6
What is the remainder when 25 is divided by (9/(-6) + 2)*28?
11
Let f(r) = -r**3 + 12*r**2 - 9*r + 4. What is the remainder when f(11) is divided by 14?
12
Let u(a) = a**3 + 4*a**2 + 1. Let b(s) = -s**3 + 4*s**2 - 5*s + 2. Let x be b(3). What is the remainder when 2 is divided by u(x)?
0
Suppose -12 = -4*a + 8. Suppose 1016 = 4*x - 2*t - 0*t, -a*x + t + 1270 = 0. Calculate the remainder when x/9 - (-8)/(-36) is divided by 10.
8
Let t be (-128)/6 + 3/9. Let n = -10 - t. Let x = -10 - -14. Calculate the remainder when n is divided by x.
3
Calculate the remainder when 20 is divided by 64/6 + (-1)/(-3).
9
Suppose 274 = 5*x + 2*a, -2*a = -3*x - 4*a + 162. Suppose 4*i - 119 = 3*o, 0*i - 2*o - 31 = -i. Calculate the remainder when x is divided by i.
27
Suppose d - 5*y + 100 = 5*d, 3*y + 25 = d. Let j(h) = -h**2 - 7*h + 9. Let w be 0/(-1) - (5 + 2). Calculate the remainder when d is divided by j(w).
7
Let b = 0 + 20. Let p = b - 19. Let a = 2 + 1. What is the remainder when a is divided by p?
0
Let o(i) = 13*i**3 + 4*i - 3. What is the remainder when 124 is divided by o(1)?
12
Let g = 13 - 10. Suppose -47 = -g*w + q, w + 4*q + 5 = -1. What is the remainder when 27 is divided by w?
13
Let z = 30 + -8. Calculate the remainder when 43 is divided by z.
21
Let w(u) = u**3 + 10*u**2 - u - 5. What is the remainder when 63 is divided by w(-10)?
3
Let c = 2 - -64. Calculate the remainder when c is divided by 23.
20
Suppose -x + 4*x - 15 = 0. Suppose -x*v + 4*i + 25 = 0, 7*v - 